 - 31. What is u(12)?
5
Let v(n) = -25*n + 20. Give v(3).
-55
Let r(b) = b - 6. Determine r(4).
-2
Let f(x) = 30*x + 426. What is f(-14)?
6
Let m(f) = -60*f + 350. Give m(6).
-10
Let r(j) = -7*j + 6. What is r(-12)?
90
Let g(z) = -5*z**2 + 5*z + 12. Give g(5).
-88
Let j(k) = 7*k + 47. Calculate j(-7).
-2
Let k(f) = -3*f + 58. What is k(19)?
1
Let k(g) = g**2 - 10*g + 14. What is k(6)?
-10
Let k(f) = -f**2 - 8*f + 820. Calculate k(-33).
-5
Let d(y) = y**3 + 8*y**2 - 9*y + 6. What is d(-9)?
6
Let v(j) = 3*j + 9. Give v(6).
27
Let v(l) = l**2 - 28*l - 34. Give v(29).
-5
Let r(h) = -6*h - 1. What is r(2)?
-13
Let f(o) = 2*o**2 + 9*o + 7. Determine f(-4).
3
Let w(h) = -h**2 + 41*h - 366. What is w(29)?
-18
Let v(z) = 3*z**2 + 2*z + 5. Calculate v(-5).
70
Let l(n) = -n**3 - n**2 - 4*n - 4. Calculate l(4).
-100
Let m(u) = 3*u**2 + 7*u - 6. Calculate m(4).
70
Let r(f) = -f**3 + 10*f**2 + 7. Give r(10).
7
Let t(m) = -30*m**3 - 1. Calculate t(-1).
29
Let h(d) = -d**3 + 8*d**2 - 4*d - 2. What is h(6)?
46
Let s(f) = -f**3 - 10*f**2 - 7*f + 8. Determine s(-9).
-10
Let j(n) = -2*n + 20. Determine j(8).
4
Let o(s) = -13*s**3 - 155*s**2 + 11*s - 13. Determine o(-12).
-1
Let t(f) = -2*f**2 + 10*f + 9. Calculate t(8).
-39
Let f(c) = 2*c**2 + 2*c + 4. Determine f(6).
88
Let s(c) = -c**3 - 3*c**2 + 3*c + 7. Calculate s(-4).
11
Let q(a) = -2*a**3 + a**2 - 9*a - 14. What is q(-3)?
76
Let z(r) = -r**3 + r**2 - 6*r + 2. What is z(5)?
-128
Let f(i) = -i**2 - 18*i + 50. Give f(-22).
-38
Let t(q) = q**2 + 4*q + 3. Calculate t(-5).
8
Let m(d) = d**3 + 13*d**2 + 10*d + 3. Give m(-10).
203
Let h(a) = a**3 + 12*a**2 + 11*a - 12. Determine h(-11).
-12
Let t(z) = 9*z**3 - z**2 - 2*z + 1. Calculate t(-2).
-71
Let b(t) = -t - 15. What is b(-6)?
-9
Let y(m) = m**3 + m**2 - m + 89. What is y(-5)?
-6
Let y(r) = 2*r**2 + 8*r - 3. Calculate y(-6).
21
Let h(i) = -6*i**2 + 269*i + 42. Determine h(45).
-3
Let p(d) = d**2 - 3*d + 9. Determine p(6).
27
Let x(u) = 2*u**3 - 51*u**2 + 154*u - 3. Calculate x(22).
-3
Let q(l) = 2*l - 36. What is q(5)?
-26
Let t(s) = 25*s + 6. Determine t(0).
6
Let k(j) = -7*j**3 + 2*j**2 + j - 2. Determine k(-1).
6
Let i(j) = 6*j - 14. What is i(6)?
22
Let b(h) = -h**2 + 6*h - 2. Determine b(3).
7
Let u(p) = -11*p - 2. What is u(3)?
-35
Let z(t) = t**2 - 2*t - 22. Calculate z(-3).
-7
Let m(f) = -6*f + 32. Give m(5).
2
Let v(m) = -m**2 + 3*m - 5. Calculate v(0).
-5
Let j(f) = -f**3 + f**2 - 2*f + 2. Determine j(-3).
44
Let i(a) = a**2 + a - 40. Determine i(8).
32
Let b(l) = 2*l + 22. Calculate b(-13).
-4
Let k(z) = -z**3 - 10*z**2 - 10*z + 8. What is k(-9)?
17
Let g(u) = 9*u - 3. Determine g(-11).
-102
Let v(m) = m**3 - 11*m**2 - 14*m + 14. Determine v(12).
-10
Let g(c) = c**3 - c**2 - 8*c + 13. Give g(3).
7
Let k(x) = -x**3 - 15*x**2 - 12*x + 23. What is k(-14)?
-5
Let r(j) = -5*j**2 + 11*j - 22. Give r(4).
-58
Let o(d) = 4*d + 115. Give o(-23).
23
Let z(i) = -9*i**2 - 4*i - 4. Give z(-2).
-32
Let o(g) = 5*g**3 + 6*g**2 - g - 5. Give o(-3).
-83
Let c(m) = m**3 - 3*m**2 - 6*m + 2. Give c(4).
-6
Let k(j) = 8*j - 17. Calculate k(2).
-1
Let j(r) = -2*r**2 + 2*r + 3. Calculate j(4).
-21
Let y(k) = -50*k + 11. Determine y(2).
-89
Let c(l) = -4*l + 1. Give c(-2).
9
Let a(k) = 10*k + 127. Calculate a(-16).
-33
Let y(i) = i + 5. What is y(-6)?
-1
Let g(m) = m**3 - 8*m**2 + 7*m - 4. What is g(5)?
-44
Let o(g) = 26*g + 149. Determine o(-6).
-7
Let s(y) = -4*y**3 - 29*y**2 - 14*y - 19. Calculate s(-7).
30
Let l(h) = -h**2 + 18*h - 16. What is l(16)?
16
Let k(d) = d**2 + 8*d - 86. Determine k(-14).
-2
Let s(b) = b - 14. Calculate s(13).
-1
Let f(g) = 3*g**2 + 39*g - 58. What is f(-15)?
32
Let f(b) = 12*b - 14. Calculate f(6).
58
Let c(a) = -31*a - 87. Determine c(-3).
6
Let k(u) = 3*u + 12. Calculate k(-6).
-6
Let v(y) = -y**3 + 6*y**2 - 6*y + 4. Calculate v(5).
-1
Let d(h) = -6*h**3 - h**2 + 2*h - 1. What is d(1)?
-6
Let g(d) = d**2 + d - 36. Give g(-7).
6
Let k(z) = z**2 - 6*z + 3. Determine k(3).
-6
Let v(s) = -2*s**3 - 51*s**2 + 24*s - 56. What is v(-26)?
-4
Let p(l) = 82*l - 402. What is p(5)?
8
Let m(q) = 5*q**2 + q - 1. Calculate m(1).
5
Let u(v) = 13*v + 193. Give u(-16).
-15
Let b(l) = 8*l - 46. What is b(6)?
2
Let c(y) = 9*y + 91. Determine c(-12).
-17
Let o(y) = -y**3 + 15*y**2 - 10. Determine o(15).
-10
Let n(h) = 2*h - 44. Give n(16).
-12
Let z(j) = -j**2 + 6*j + 169. Determine z(16).
9
Let n(i) = i**3 - 11. Determine n(0).
-11
Let f(m) = -m - 1. Determine f(1).
-2
Let h(d) = 2*d**2 - 25*d + 66. What is h(9)?
3
Let g(n) = -n**3 + 3*n**2 - 6*n + 9. Calculate g(3).
-9
Let s(i) = 2*i - 2. Determine s(1).
0
Let n(j) = 5*j**2 - 28*j. What is n(6)?
12
Let d(z) = 5*z - 11. Determine d(4).
9
Let a(t) = t**2 - 3*t + 5. Give a(11).
93
Let p(m) = -m**3 - 5*m**2 + m + 15. Give p(-4).
-5
Let i(l) = l**3 + l - 4. What is i(0)?
-4
Let r(c) = -42*c - 193. Give r(-5).
17
Let m(u) = u**2 - 14*u + 18. Determine m(13).
5
Let g(r) = -10*r**2 + 3*r + 1. Determine g(-2).
-45
Let w(g) = g**3 + 21*g**2 - 24*g + 5. Determine w(-22).
49
Let p(w) = -77*w + 448. Give p(6).
-14
Let q(c) = -5*c - 10. Calculate q(5).
-35
Let i(b) = -b**2 + 21*b - 67. Calculate i(17).
1
Let s(x) = -2*x - 36. Calculate s(-15).
-6
Let u(w) = w**3 - 8*w**2 + 9*w - 15. Calculate u(7).
-1
Let w(q) = 2*q**3 + 20*q**2 - 22*q - 1. What is w(-11)?
-1
Let v(s) = -s**2 + 3*s - 20. Calculate v(4).
-24
Let p(u) = u**3 - 7*u**2 + 8*u - 10. What is p(6)?
2
Let r(i) = i**2 - 10*i + 14. What is r(11)?
25
Let g(v) = -v**3 + v**2 + 2*v - 23. Calculate g(0).
-23
Let z(l) = -l**3 - 2*l**2 - 6. Calculate z(0).
-6
Let l(n) = -34*n + 196. What is l(6)?
-8
Let p(s) = -6*s - 3. Calculate p(-3).
15
Let t(d) = d**2 + 34*d + 57. Determine t(-33).
24
Let o(u) = u**3 + 13*u**2 + 10. Calculate o(-13).
10
Let l(c) = -c**3 - 9*c**2 + 9*c - 2. Calculate l(-10).
8
Let a(b) = -3*b**3. What is a(2)?
-24
Let i(x) = -x**3 - 9*x**2 - 2*x - 8. Give i(-6).
-104
Let u(x) = -13*x**2 - 15*x - 4. What is u(-3)?
-76
Let a(v) = -v - 11. Give a(-7).
-4
Let h(n) = n**2 - 10*n + 1. Calculate h(10).
1
Let g(z) = -8*z - 8. Give g(-1).
0
Let o(v) = -v**3 - v**2 + 54*v - 4. Determine o(-8).
12
Let k(o) = 2*o + 38. Give k(-13).
12
Let x(y) = 2*y**2 - 159*y + 383. Determine x(77).
-2
Let z(c) = -8*c + 5. Calculate z(-4).
37
Let z(j) = j**3 + 4*j**2 - 5*j + 4. Give z(-5).
4
Let p(k) = -2*k**2 - 21*k + 13. What is p(-11)?
2
Let z(r) = 6*r - 40. Give z(6).
-4
Let w(l) = 6*l + 12. Calculate w(-6).
-24
Let r(a) = a**3 + 18*a**2 + 15*a - 31. Calculate r(-17).
3
Let x(o) = o**2 + 9*o - 7. What is x(6)?
83
Let z(l) = l**3 + 25*l**2 + l + 39. Calculate z(-25).
14
Let p(u) = u**2 - 41*u - 186. Determine p(45).
-6
Let h(z) = z**3 + 20*z**2 + 91*z + 7. Determine h(-13).
7
Let i(j) = -2*j - 15. Calculate i(-12).
9
Let o(f) = f**3 - f**2 - f + 15. Determine o(0).
15
Let o(k) = -k**3 - 16*k**2 - 18*k - 33. Determine o(-15).
12
Let b(z) = z**2 + 8*z - 8. What is b(-8)?
-8
Let d(a) = 7*a**3 + a**2 - a. Calculate d(1).
7
Let w(t) = -4*t**2 + 3*t + 17. Determine w(3).
-10
Let j(i) = -i**3 + 10*i**2 - 5*i - 33. Calculate j(9).
3
Let k(u) = -u**2 - 17*u + 7. What is k(-17)?
7
Let v(g) = -g**2 - 30. Give v(0).
-30
Let i(o) = o**2 + o - 5. What is i(-2)?
-3
Let k(b) = b**3 - 11*b**2 - 2*b + 9. Determine k(11).
-13
Let w(v) = -114*v**2 + 1. Calculate w(-1).
-113
Let w(b) = 2*b**2 - 23*b - 25. Calculate w(12).
-13
Let n(x) = x**3 + 7*x**2 + 8*x + 9. What is n(-6)?
-3
Let j(h) = -h**2 - 6*h + 31. Determine j(-15).
-104
Let b(j) = -6*j + 163. Calculate b(30).
-17
Let d(c) = 2*c**2 + 27*c + 5. Calculate d(-16).
85
Let k(x) = -x**3 + 8*x**2 - 4. What is k(8)?
-4
Let q(z) = z**2 + 4*z - 5. Give q(-5).
0
Let z(r) = -86*r - 332. Give z(-4).
12
Let j(b) = -b**2 - 5*b - 8. What is j(-9)?
-44
Let t(q) = q**2 + 4*q + 9. What is t(-7)?
30
Let q(n) = 57*n - 157. Give q(3).
14
Let h(c) = 7*c + 17. Give h(-3).
-4
Let a(o) = -19*o**3 + o**2 + o - 1. Give a(1).
-18
Let s(f) = f**3 - 7*f**2 + 5*f + 1. What is s(6)?
-5
Let j(h) = -h - 38. Give j(10).
-48
Let x(l) = l**2 - 13*l - 3. Determine x(9).
-39
Let s(k) = k**3 + 4*k**2 + 4*k - 1. What is s(-2)?
-1
Let l(t) = -t**3 + t**2 + 58*t - 161. What is l(3)?
-5
Let v(x) = -x**3 + 2*x**2 + x + 14. Calculate v(0).
14
Let c(s) = s**2 + 4*s + 5. Calculate c(-6